{"id":69,"date":"2023-08-24T16:04:13","date_gmt":"2023-08-24T14:04:13","guid":{"rendered":"https:\/\/charmreveal.igrid.media\/?page_id=69"},"modified":"2023-08-24T16:04:14","modified_gmt":"2023-08-24T14:04:14","slug":"sandy-fashion","status":"publish","type":"page","link":"https:\/\/charmreveal.igrid.media\/index.php\/sandy-fashion\/","title":{"rendered":"Sandy Fashion"},"content":{"rendered":"<figure class=\"alignfull wp-block-post-featured-image\"><img loading=\"lazy\" width=\"2560\" height=\"1707\" src=\"https:\/\/charmreveal.igrid.media\/wp-content\/uploads\/2023\/08\/beautiful-black-girl-with-shopping-bags-city-2-scaled.jpg\" class=\"attachment-post-thumbnail size-post-thumbnail wp-post-image\" alt=\"\" decoding=\"async\" style=\"object-fit:cover;\" srcset=\"https:\/\/charmreveal.igrid.media\/wp-content\/uploads\/2023\/08\/beautiful-black-girl-with-shopping-bags-city-2-scaled.jpg 2560w, https:\/\/charmreveal.igrid.media\/wp-content\/uploads\/2023\/08\/beautiful-black-girl-with-shopping-bags-city-2-300x200.jpg 300w, https:\/\/charmreveal.igrid.media\/wp-content\/uploads\/2023\/08\/beautiful-black-girl-with-shopping-bags-city-2-1024x683.jpg 1024w, https:\/\/charmreveal.igrid.media\/wp-content\/uploads\/2023\/08\/beautiful-black-girl-with-shopping-bags-city-2-768x512.jpg 768w, https:\/\/charmreveal.igrid.media\/wp-content\/uploads\/2023\/08\/beautiful-black-girl-with-shopping-bags-city-2-1536x1024.jpg 1536w, https:\/\/charmreveal.igrid.media\/wp-content\/uploads\/2023\/08\/beautiful-black-girl-with-shopping-bags-city-2-2048x1365.jpg 2048w\" sizes=\"(max-width: 2560px) 100vw, 2560px\" \/><\/figure>\n\n\n<h2 class=\"wp-block-heading\">Nous vous pr\u00e9sentons une vari\u00e9t\u00e9 de gammes de produit<\/h2>\n","protected":false},"excerpt":{"rendered":"<p>Nous vous pr\u00e9sentons une vari\u00e9t\u00e9 de gammes de produit<\/p>\n","protected":false},"author":2,"featured_media":74,"parent":0,"menu_order":0,"comment_status":"closed","ping_status":"closed","template":"","meta":{"footnotes":""},"_links":{"self":[{"href":"https:\/\/charmreveal.igrid.media\/index.php\/wp-json\/wp\/v2\/pages\/69"}],"collection":[{"href":"https:\/\/charmreveal.igrid.media\/index.php\/wp-json\/wp\/v2\/pages"}],"about":[{"href":"https:\/\/charmreveal.igrid.media\/index.php\/wp-json\/wp\/v2\/types\/page"}],"author":[{"embeddable":true,"href":"https:\/\/charmreveal.igrid.media\/index.php\/wp-json\/wp\/v2\/users\/2"}],"replies":[{"embeddable":true,"href":"https:\/\/charmreveal.igrid.media\/index.php\/wp-json\/wp\/v2\/comments?post=69"}],"version-history":[{"count":1,"href":"https:\/\/charmreveal.igrid.media\/index.php\/wp-json\/wp\/v2\/pages\/69\/revisions"}],"predecessor-version":[{"id":75,"href":"https:\/\/charmreveal.igrid.media\/index.php\/wp-json\/wp\/v2\/pages\/69\/revisions\/75"}],"wp:featuredmedia":[{"embeddable":true,"href":"https:\/\/charmreveal.igrid.media\/index.php\/wp-json\/wp\/v2\/media\/74"}],"wp:attachment":[{"href":"https:\/\/charmreveal.igrid.media\/index.php\/wp-json\/wp\/v2\/media?parent=69"}],"curies":[{"name":"wp","href":"https:\/\/api.w.org\/{rel}","templated":true}]}}